undreds digit of (4984/u)/(4/36*6)?
6
Let d(m) = -m**3 + 13*m**2 - 14*m + 15. Let v be d(12). Let u be (21/5)/(v/45). Let o = -10 - u. What is the tens digit of o?
1
Let o(l) = 1462*l + 121. What is the hundreds digit of o(2)?
0
Let f = -163 - -165. Suppose 0 = -2*r + 8, -t - f*t = -3*r - 228. What is the tens digit of t?
8
Suppose -18 = 48*w - 51*w. Let f be ((-1)/(-2)*-59)/(w/24). Let z = 188 + f. What is the tens digit of z?
7
Let j be (2 + -1)/(2/(-34)). Suppose 11 = -2*t - b, -2*t - 3*b - 37 = -32. Let d = t - j. What is the units digit of d?
0
Suppose 5*w = 3*f - 43, -2*w + 7 = 2*f - w. Let z(v) = -2*v**3 + 2*v**2 + v + 10. Let q be z(f). What is the tens digit of 1 + (-1)/(4/q)?
8
Let g(z) be the second derivative of -5/2*z**2 + 12*z + 0 - 1/6*z**3. What is the units digit of g(-10)?
5
Suppose -f + 8422 = -t, -11*t + 6*t + 42110 = 5*f. What is the tens digit of f?
2
Suppose 6*w = -181 + 1693. Suppose 2*a - w = -4*x, -3*a - 3*x = -4*x - 357. What is the tens digit of a?
2
Let s(d) = d**3 - d + 5. Let j be s(0). Suppose -5*w + o = -789, -o = 2*w - 0*o - 310. Suppose u + 3*u - n = 122, n = -j*u + w. What is the units digit of u?
1
Suppose 66 = 5*x + 621. Let w = x - -727. What is the units digit of w?
6
Suppose -5*b - 4*u = -3*b, 5*u = -5. What is the tens digit of 1524/18 - b - (-8)/(-12)?
8
Let q = 38 - 49. Let v be (44/q)/(4/6). What is the tens digit of (-2)/(-18)*771 - (-4)/v?
8
Let t(m) = m**2 - 2*m + 4. Let l be t(4). Let g = l + 71. What is the units digit of (-16)/4*(g/(-4) - -1)?
9
Let m be (-10)/5*((-8491)/2 + -3). Suppose 12*u + 1561 = m. Suppose 3*z + o - u = 0, -779 = -z - 3*z - 3*o. What is the units digit of z?
1
Suppose 36 = 5*y + 2*j - 5*j, 0 = -y - 5*j - 4. Let o(k) = 81*k - 19*k - 49*k - 47. What is the tens digit of o(y)?
3
Suppose -z = -2*z + 5*y - 22, 5*y - 8 = -z. Let t(w) = -2*w**3 - 6*w**2 + 13*w + 4. Let q be t(z). Suppose -q = -4*x - x. What is the units digit of x?
1
Let o(i) be the first derivative of i**4/4 - 22*i**3/3 + 11*i**2 - 33*i - 27. What is the units digit of o(22)?
1
Let d(z) = -z**3 - 22*z**2 + 368*z - 90. What is the thousands digit of d(-44)?
6
Let p(o) = 29*o - 17. Suppose -2*z = 4*y - 20, 2*z - 22 = -y - 4*y. What is the tens digit of p(z)?
5
Let n = 22 - 22. Let i be n + (-1 - -4) + 320. Suppose -5*g + 132 = -i. What is the units digit of g?
1
Let n = 63 - 60. Suppose -d + 349 = n*o - 16, -o - 4*d = -140. What is the hundreds digit of o?
1
Suppose -3*g = 4*r - 5, -3*r + 4 = 2*g - 0. Suppose -c + 0*o = -r*o - 837, -5*c + 4190 = -5*o. What is the tens digit of c?
3
Let p(o) = -28*o - 6. Suppose -10*u + 3*u = 0. Suppose u = 2*w + 3*n - 0*n + 16, -5*n - 26 = 3*w. What is the tens digit of p(w)?
5
Suppose 877886 = 138*q - 407032. What is the thousands digit of q?
9
Let w be (-2)/6*(-11)/(66/72). Suppose 0 = j + 3*g - 9, 4*g = w*j + 5*g - 14. Suppose -o - r + 257 = 0, -j*o + 3*r + r = -736. What is the units digit of o?
2
Let h be 20/(4 + -6) - -10. Suppose -5*y + 15 = -0. Suppose -y*g - 2*g + 385 = h. What is the tens digit of g?
7
What is the hundreds digit of 16*(85941/36 - -6)?
2
Let r = -1086 - -1588. What is the tens digit of r?
0
Let q = -65 + 70. Let y be (8/6 - 1)*(-75)/(-5). Suppose 700 = q*l - 10*u + y*u, -3*l = 3*u - 390. What is the tens digit of l?
3
Suppose 154*u + 296576 = 78*u + 90*u. What is the ten thousands digit of u?
2
Let f = 1754 + -1611. Suppose 0 = -5*m + 5*a - 90, -m + 3*m + 30 = 5*a. Let q = f - m. What is the hundreds digit of q?
1
Suppose -5*o = i - 0*i + 17, 2*i - 26 = 5*o. Suppose -p + 5*p = -q - 225, 5*p = -i*q - 276. Let r = 98 + p. What is the units digit of r?
1
Let h(p) = p + 50. Let o be h(-50). Suppose o = 4*f + 9*f - 8502. What is the hundreds digit of f?
6
Let h(w) = -71*w - 743. What is the tens digit of h(-28)?
4
Let w be (-18)/(-4) + 1/(-2). Suppose w*g + 779 = 2767. What is the hundreds digit of g?
4
What is the thousands digit of (-191 + -1)*(-2 + -48)*(-34)/(-255)?
1
Let m = -204 - -224. Suppose 0*x + x - 1338 = -2*f, 0 = -5*x - m. What is the hundreds digit of f?
6
Let x = -3279 - -3596. What is the hundreds digit of x?
3
Let z = 155 - 107. Let n = 147 - z. What is the units digit of n?
9
Suppose -148 = -i - 5*m, 3*i - 186 = -4*m + 269. Suppose 157*a - 124 = i*a. Suppose 28 = -3*f + a. What is the units digit of f?
1
Let k(g) = g**2 + 6*g - 64. Let j be k(-12). What is the units digit of 3300/(-4 + j)*(-24)/(-30)?
0
Suppose 36*f = -22*f + 8*f + 655350. What is the thousands digit of f?
3
Suppose 3*d + 4*w - 4828 = 0, -41*w = 3*d - 45*w - 4796. What is the hundreds digit of d?
6
Suppose t - 2*q - 71 = 0, -5*q = -5*t - 0*q + 335. Suppose 69*l - 2670 = t*l. What is the hundreds digit of l?
4
Let x be 0/(-16)*1*-1. Suppose -54*u + 64*u - 3090 = x. What is the hundreds digit of u?
3
Suppose 71 = 17*g - 14. Suppose 102 = g*j + 2*k, 50 = 2*j - 5*k - 14. What is the units digit of j?
2
Suppose 14*u - 19*u + 16562 = 4*x, 5*x + 3*u = 20709. What is the units digit of x?
3
Suppose 3*w + 23 - 2 = 0. Let n(i) = i**3 + 6*i**2 - 13*i - 30. Let r be n(w). What is the units digit of -2*(-2)/r*-3 + 87?
6
What is the thousands digit of 7360 + (1/3)/((708/(-144))/59)?
7
Let z(y) = 60*y**2 + y + 1. Let f be z(-1). Let j(i) = 28 + 126*i**2 - f*i**2 + 20*i - 65*i**2. What is the tens digit of j(-20)?
2
Suppose 32*d - 28*d = -2*l + 1478, -5*d = -5*l - 1840. Suppose -94*v = -95*v + d. What is the tens digit of v?
6
Let x(k) = 3*k - 40. Let g be x(20). Suppose -7*d = -1 - g. Suppose -67 = -d*r + 4*w, 2*w = -5*r + 118 - 15. What is the tens digit of r?
2
Suppose 0 = 4191*a - 4188*a + 2*r - 176760, 2*r = 2*a - 117850. What is the thousands digit of a?
8
Suppose -p + 5*s - 5 = 0, 3*s + 30 = 3*p - 3. Let j(n) = 3*n**2 - 35*n + 36. What is the units digit of j(p)?
6
Let v(s) = 168 - 19*s**2 - 13*s**2 + 3*s - 19*s**2 + 50*s**2. Let k(r) = r**3 - 2*r**2 - 4*r + 3. Let p be k(3). What is the tens digit of v(p)?
6
Let b be (-302)/(-10) - 9/45. Suppose b*x + 6028 = 41*x. What is the tens digit of x?
4
Suppose f - 4*s + 5*s = 5893, -5881 = -f + 5*s. What is the tens digit of f?
9
Let q(c) = -18551*c - 1170. What is the hundreds digit of q(-3)?
4
Let p(s) = -36*s + 4. Let y(g) = 2*g**2 + 9*g + 8. Let c be y(-4). Let l(k) = 37*k - 4. Let u(i) = c*l(i) + 3*p(i). What is the tens digit of u(3)?
1
Suppose 14 - 4 = 2*w. Suppose 3*d + 1736 = -2*c - 673, -5*d - 4015 = -w*c. What is the tens digit of (-4)/(-10) - d/5?
6
Let x = 38448 + -6226. What is the ten thousands digit of x?
3
Let d be ((-162)/6)/((-4)/12). Suppose -u = -2*u - 4*s - 43, -2*u = 3*s + d. What is the hundreds digit of 6/u - (-14635)/65?
2
Let w(h) = 2*h + 1. Let r(i) = -6*i - 32. Let s(k) = r(k) - 3*w(k). What is the hundreds digit of s(-18)?
1
Let r = 35553 - 3014. What is the units digit of r?
9
Let j(f) = -10*f**3 + 10*f**2 - 25*f - 135. What is the ten thousands digit of j(-10)?
1
Suppose l + 7 = 0, 26*l = -w + 25*l + 3574. What is the tens digit of w?
8
Let o = 349 - -1265. Let b = -962 + o. What is the hundreds digit of b?
6
Let w = -65 + -8. Suppose -4*c - r - 113 = -529, 0 = 2*r. Let a = c + w. What is the units digit of a?
1
Let d = -46 + 139. Let s = d - -1. Let t = s + -23. What is the tens digit of t?
7
Let h = 24 - 20. Suppose -5*b = -h*b - 96. Suppose -9*g = -3*g - b. What is the units digit of g?
6
Let h(z) = -6*z**3 - 2*z**2 - 2*z + 14. Let n(r) = r**3 + r**2 - 1. Let v(a) = -h(a) - 5*n(a). Let t be v(3). Let i = t + 186. What is the units digit of i?
3
Let z be ((-6)/2)/(-3*(8 + -7)). What is the hundreds digit of 164 + 12 + (-5)/z?
1
Suppose -41*n + 2*l = -43*n + 47518, -4*l = -4*n + 95036. What is the units digit of n?
9
Suppose 0 = -3*s - 2*o + 56158 + 84048, 3*o = 3*s - 140211. What is the units digit of s?
6
Let l(x) = -3*x + 9. Let b be l(-5). Suppose -3*z + 81 = -b. Let y = z + -8. What is the units digit of y?
7
Suppose 4733 = -6*v - 1519. Let g = 1497 + v. What is the units digit of g?
5
Let t(d) be the first derivative of 2*d - 2 + 1 + 3 + 12*d**2 + 2*d. What is the units digit of t(3)?
6
Suppose -16 = -3*r + 2. Suppose -5*s + 4520 = 4*l, 3*l = -r - 9. Suppose 2*c = 4*a - s, a = 11*c - 8*c + 237. What is the units digit of a?
5
Let f(u) = 3*u + 12 + u**2 + u + 4*u - 8. Let w = -5 - -9. What is the